tors of 10817.
29, 373
List the prime factors of 34808.
2, 19, 229
What are the prime factors of 856?
2, 107
List the prime factors of 14148.
2, 3, 131
List the prime factors of 11149.
11149
List the prime factors of 1531.
1531
List the prime factors of 846.
2, 3, 47
List the prime factors of 24597.
3, 911
List the prime factors of 26543.
11, 19, 127
What are the prime factors of 578?
2, 17
List the prime factors of 1143.
3, 127
What are the prime factors of 3958?
2, 1979
List the prime factors of 31669.
11, 2879
What are the prime factors of 6958?
2, 7, 71
List the prime factors of 11920.
2, 5, 149
What are the prime factors of 2216?
2, 277
What are the prime factors of 14515?
5, 2903
What are the prime factors of 2111?
2111
List the prime factors of 29655.
3, 5, 659
List the prime factors of 819.
3, 7, 13
List the prime factors of 1957.
19, 103
What are the prime factors of 627?
3, 11, 19
List the prime factors of 4127.
4127
List the prime factors of 5903.
5903
What are the prime factors of 3779?
3779
What are the prime factors of 78214?
2, 39107
What are the prime factors of 5397?
3, 7, 257
List the prime factors of 838.
2, 419
List the prime factors of 13096.
2, 1637
List the prime factors of 1787.
1787
List the prime factors of 2641.
19, 139
What are the prime factors of 70594?
2, 47, 751
List the prime factors of 10153.
11, 13, 71
List the prime factors of 40.
2, 5
List the prime factors of 219.
3, 73
List the prime factors of 2270.
2, 5, 227
List the prime factors of 8887.
8887
What are the prime factors of 54957?
3, 7, 2617
List the prime factors of 52113.
3, 29, 599
List the prime factors of 4256.
2, 7, 19
What are the prime factors of 405?
3, 5
List the prime factors of 19419.
3, 6473
What are the prime factors of 1806?
2, 3, 7, 43
List the prime factors of 182070.
2, 3, 5, 7, 17
List the prime factors of 4348.
2, 1087
What are the prime factors of 597?
3, 199
What are the prime factors of 32074?
2, 7, 29, 79
What are the prime factors of 1299?
3, 433
List the prime factors of 2562.
2, 3, 7, 61
List the prime factors of 6914.
2, 3457
List the prime factors of 1935.
3, 5, 43
List the prime factors of 3472.
2, 7, 31
What are the prime factors of 25992?
2, 3, 19
List the prime factors of 29249.
11, 2659
List the prime factors of 12923.
12923
List the prime factors of 1203.
3, 401
What are the prime factors of 45280?
2, 5, 283
What are the prime factors of 31046?
2, 19, 43
What are the prime factors of 9713?
11, 883
List the prime factors of 2426.
2, 1213
List the prime factors of 69105.
3, 5, 17, 271
List the prime factors of 1968.
2, 3, 41
List the prime factors of 23110.
2, 5, 2311
What are the prime factors of 23914?
2, 11, 1087
List the prime factors of 58011.
3, 61, 317
What are the prime factors of 1150?
2, 5, 23
List the prime factors of 28354.
2, 14177
List the prime factors of 1375.
5, 11
List the prime factors of 98926.
2, 49463
List the prime factors of 92231.
149, 619
List the prime factors of 18686.
2, 9343
List the prime factors of 5000.
2, 5
List the prime factors of 645.
3, 5, 43
What are the prime factors of 39130?
2, 5, 7, 13, 43
What are the prime factors of 142969?
142969
List the prime factors of 2106.
2, 3, 13
List the prime factors of 27703.
13, 2131
What are the prime factors of 12124?
2, 7, 433
What are the prime factors of 477?
3, 53
List the prime factors of 7367.
53, 139
What are the prime factors of 23530?
2, 5, 13, 181
What are the prime factors of 30386?
2, 15193
List the prime factors of 9678.
2, 3, 1613
What are the prime factors of 18713?
18713
What are the prime factors of 725?
5, 29
What are the prime factors of 24170?
2, 5, 2417
List the prime factors of 492.
2, 3, 41
What are the prime factors of 214?
2, 107
List the prime factors of 11477.
23, 499
List the prime factors of 1177.
11, 107
List the prime factors of 39034.
2, 29, 673
What are the prime factors of 347?
347
What are the prime factors of 5445?
3, 5, 11
List the prime factors of 1027.
13, 79
What are the prime factors of 866?
2, 433
What are the prime factors of 1413?
3, 157
What are the prime factors of 771?
3, 257
What are the prime factors of 5046?
2, 3, 29
What are the prime factors of 17479?
7, 11, 227
List the prime factors of 1241.
17, 73
List the prime factors of 24183.
3, 2687
What are the prime factors of 57143?
57143
List the prime factors of 2705.
5, 541
List the prime factors of 56148.
2, 3, 4679
List the prime factors of 2590.
2, 5, 7, 37
List the prime factors of 10369.
10369
What are the prime factors of 1159?
19, 61
What are the prime factors of 185?
5, 37
List the prime factors of 36272.
2, 2267
List the prime factors of 23001.
3, 11, 17, 41
What are the prime factors of 6937?
7, 991
List the prime factors of 8477.
7, 173
List the prime factors of 8313.
3, 17, 163
What are the prime factors of 33117?
3, 7, 19, 83
List the prime factors of 11954.
2, 43, 139
What are the prime factors of 24596?
2, 11, 13, 43
List the prime factors of 7450.
2, 5, 149
What are the prime factors of 1345?
5, 269
What are the prime factors of 26057?
71, 367
What are the prime factors of 3544?
2, 443
What are the prime factors of 18977?
7, 2711
List the prime factors of 1668.
2, 3, 139
What are the prime factors of 2450?
2, 5, 7
What are the prime factors of 1832?
2, 229
List the prime factors of 9530.
2, 5, 953
List the prime factors of 1321.
1321
What are the prime factors of 3900?
2, 3, 5, 13
What are the prime factors of 2145?
3, 5, 11, 13
What are the prime factors of 55680?
2, 3, 5, 29
What are the prime factors of 5353?
53, 101
What are the prime factors of 52980?
2, 3, 5, 883
List the prime factors of 615.
3, 5, 41
What are the prime factors of 1698?
2, 3, 283
List the prime factors of 9784.
2, 1223
What are the prime factors of 2216?
2, 277
List the prime factors of 86.
2, 43
What are the prime factors of 1453?
1453
List the prime factors of 23736.
2, 3, 23, 43
What are the prime factors of 360?
2, 3, 5
What are the prime factors of 3009?
3, 17, 59
What are the prime factors of 253?
11, 23
What are the prime factors of 3704?
2, 463
List the prime factors of 243.
3
What are the prime factors of 2338?
2, 7, 167
What are the prime factors of 24336?
2, 3, 13
List the prime factors of 2899.
13, 223
What are the prime factors of 1447?
1447
What are the prime factors of 1035?
3, 5, 23
List the prime factors of 60043.
97, 619
List the prime factors of 23090.
2, 5, 2309
List the prime factors of 9.
3
List the prime factors of 11680.
2, 5, 73
List the prime factors of 4965.
3, 5, 331
List the prime factors of 2398.
2, 11, 109
List the prime factors of 789.
3, 263
What are the prime factors of 1299?
3, 433
What are the prime factors of 74118?
2, 3, 11, 1123
List the prime factors of 124930.
2, 5, 13, 31
List the prime factors of 32662.
2, 7, 2333
What are the prime factors of 3381?
3, 7, 23
List the prime factors of 116363.
13, 8951
List the prime factors of 55.
5, 11
What are the prime factors of 4971?
3, 1657
List the prime factors of 5620.
2, 5, 281
List the prime factors of 69926.
2, 34963
List the prime factors of 6691.
6691
What are the prime factors of 17329?
13, 31, 43
What are the prime factors of 2380?
2, 5, 7, 17
List the prime factors of 10767.
3, 37, 97
List the prime factors of 257.
257
List the prime factors of 795.
3, 5, 53
What are the prime factors of 12806?
2, 19, 337
List the prime factors of 1026.
2, 3, 19
What are the prime factors of 3735?
3, 5, 83
List the prime factors of 23.
23
List the prime factors of 28801.
83, 347
List the prime factors of 42234.
2, 3, 7039
What are the prime factors of 5808?
2, 3, 11
List the prime factors of 27363.
3, 7, 1303
List the prime factors of 57274.
2, 7, 4091
List the prime factors of 11589.
3, 3863
What are the prime factors of 17136?
2, 3, 7, 17
What are the prime factors of 5771?
29, 199
What are the prime factors of 29433?
3, 9811
What are the prime factors of 12350?
2, 5, 13, 19
What are the prime factors of 2537?
43, 59
What are the prime factors of 4339?
4339
List the prime factors of 1642.
2, 821
List the prime factors of 1339.
13, 103
What are the prime factors of 629?
17, 37
What are the prime factors of 8010?
2, 3, 5, 89
List the prime factors of 1680.
2, 3, 5, 7
List the pr